{"id":8950,"date":"2024-11-29T10:00:14","date_gmt":"2024-11-29T07:00:14","guid":{"rendered":"https:\/\/konforist.com.tr\/kiz\/?page_id=8950"},"modified":"2025-01-20T09:34:45","modified_gmt":"2025-01-20T06:34:45","slug":"odullerimiz","status":"publish","type":"page","link":"https:\/\/konforist.com.tr\/kiz\/odullerimiz\/","title":{"rendered":"\u00d6d\u00fcllerimiz"},"content":{"rendered":"<section class=\"l-section wpb_row height_custom\"><div class=\"l-section-h i-cf\"><div class=\"g-cols vc_row via_grid cols_1 laptops-cols_inherit tablets-cols_inherit mobiles-cols_1 valign_top type_default stacking_default\"><div class=\"wpb_column vc_column_container\"><div class=\"vc_column-inner\"><div class=\"g-cols wpb_row via_grid cols_1-2 laptops-cols_inherit tablets-cols_inherit mobiles-cols_1 valign_bottom type_default stacking_default\" style=\"--columns-gap:5.5rem;\"><div class=\"wpb_column vc_column_container\"><div class=\"vc_column-inner\"><div class=\"wpb_text_column\"><div class=\"wpb_wrapper\"><h3><strong>D\u00fcnya ve Avrupa Gayrimenkul Geli\u015ftirme \u00d6d\u00fclleri<\/strong><\/h3>\n<p>\u00dcniversite \u00f6\u011frencilerinin motivasyonu i\u00e7in tasarlanan Konforist \u00f6\u011frenci yurtlar\u0131n\u0131n ba\u015far\u0131 odakl\u0131 yap\u0131s\u0131 uluslararas\u0131 ve Avrupa \u00e7ap\u0131nda \u00f6d\u00fcllerle tescillendi. 2014 y\u0131l\u0131nda faaliyete ge\u00e7en Konforist K\u0131z \u00d6\u011frenci Yurdu, d\u00fcnyan\u0131n en \u00f6nemli uluslararas\u0131 proje geli\u015ftirme \u00f6d\u00fcllerinden International Property Awards Development ve European Property Awards Interior Design&#8217;da d\u00fcnya birincili\u011fi ve Avrupa birincili\u011fi \u00f6d\u00fcllerine lay\u0131k g\u00f6r\u00fclm\u00fc\u015ft\u00fcr. 2015 y\u0131l\u0131nda faaliyete ge\u00e7en Konforist Erkek \u00d6\u011frenci Yurdu, d\u00fcnyan\u0131n en \u00f6nemli uluslararas\u0131 proje geli\u015ftirme \u00f6d\u00fcllerinden European Property Awards Development ve European Property Awards Interior Design&#8217;da Avrupa birincili\u011fi \u00f6d\u00fcllerine lay\u0131k g\u00f6r\u00fclm\u00fc\u015ft\u00fcr.<\/p>\n<\/div><\/div><\/div><\/div><div class=\"wpb_column vc_column_container\"><div class=\"vc_column-inner\"><div class=\"w-image align_none\"><div class=\"w-image-h\"><img decoding=\"async\" width=\"1006\" height=\"610\" src=\"https:\/\/konforist.com.tr\/kiz\/wp-content\/uploads\/2024\/12\/oduller-e1734014984796.png\" class=\"attachment-full size-full\" alt=\"\" loading=\"lazy\" srcset=\"https:\/\/konforist.com.tr\/kiz\/wp-content\/uploads\/2024\/12\/oduller-e1734014984796.png 1006w, https:\/\/konforist.com.tr\/kiz\/wp-content\/uploads\/2024\/12\/oduller-e1734014984796-300x182.png 300w\" sizes=\"auto, (max-width: 1006px) 100vw, 1006px\" \/><\/div><\/div><\/div><\/div><\/div><\/div><\/div><\/div><\/div><\/section><section class=\"l-section wpb_row height_small\"><div class=\"l-section-h i-cf\"><div class=\"g-cols vc_row via_grid cols_1 laptops-cols_inherit tablets-cols_inherit mobiles-cols_1 valign_top type_default stacking_default\"><div class=\"wpb_column vc_column_container\"><div class=\"vc_column-inner\"><div class=\"w-grid us_grid type_grid layout_10912 cols_3 preload_style_spinner\" id=\"us_grid_1\" style=\"--columns:3;--gap:1.5rem;\" data-filterable=\"true\"><style>@media (max-width:1024px){#us_grid_1{--columns:2!important}}@media (max-width:600px){#us_grid_1{--columns:1!important}}.layout_10912 .w-grid-item-h{}<\/style><div class=\"w-grid-list\">\t<article class=\"w-grid-item size_1x1 post-10835 attachment type-attachment status-inherit hentry\" data-id=\"10835\">\r\n\t\t<div class=\"w-grid-item-h\">\r\n\t\t\t\t\t\t\t<a ref=\"magnificPopupGrid\" href=\"https:\/\/konforist.com.tr\/kiz\/wp-content\/uploads\/2025\/01\/dunyanin-en-iyisi-konforist-edu-suites-1.jpg\" class=\"w-grid-item-anchor\" aria-label><\/a>\r\n\t\t\t\t\t\t<div class=\"w-post-elm post_image usg_post_image_1 has_ratio\"><img loading=\"lazy\" decoding=\"async\" width=\"1000\" height=\"750\" src=\"https:\/\/konforist.com.tr\/kiz\/wp-content\/uploads\/2025\/01\/dunyanin-en-iyisi-konforist-edu-suites-1.jpg\" class=\"attachment-full size-full\" alt=\"\" \/><div style=\"padding-bottom:62.5%\"><\/div><\/div>\t\t<\/div>\r\n\t\t\t<\/article>\r\n\t<article class=\"w-grid-item size_1x1 post-10836 attachment type-attachment status-inherit hentry\" data-id=\"10836\">\r\n\t\t<div class=\"w-grid-item-h\">\r\n\t\t\t\t\t\t\t<a ref=\"magnificPopupGrid\" href=\"https:\/\/konforist.com.tr\/kiz\/wp-content\/uploads\/2025\/01\/dunyanin-en-iyisi-konforist-edu-suites-2.jpg\" class=\"w-grid-item-anchor\" aria-label><\/a>\r\n\t\t\t\t\t\t<div class=\"w-post-elm post_image usg_post_image_1 has_ratio\"><img loading=\"lazy\" decoding=\"async\" width=\"1000\" height=\"750\" src=\"https:\/\/konforist.com.tr\/kiz\/wp-content\/uploads\/2025\/01\/dunyanin-en-iyisi-konforist-edu-suites-2.jpg\" class=\"attachment-full size-full\" alt=\"\" \/><div style=\"padding-bottom:62.5%\"><\/div><\/div>\t\t<\/div>\r\n\t\t\t<\/article>\r\n\t<article class=\"w-grid-item size_1x1 post-10837 attachment type-attachment status-inherit hentry\" data-id=\"10837\">\r\n\t\t<div class=\"w-grid-item-h\">\r\n\t\t\t\t\t\t\t<a ref=\"magnificPopupGrid\" href=\"https:\/\/konforist.com.tr\/kiz\/wp-content\/uploads\/2025\/01\/dunyanin-en-iyisi-konforist-edu-suites-3.jpg\" class=\"w-grid-item-anchor\" aria-label><\/a>\r\n\t\t\t\t\t\t<div class=\"w-post-elm post_image usg_post_image_1 has_ratio\"><img loading=\"lazy\" decoding=\"async\" width=\"1000\" height=\"654\" src=\"https:\/\/konforist.com.tr\/kiz\/wp-content\/uploads\/2025\/01\/dunyanin-en-iyisi-konforist-edu-suites-3.jpg\" class=\"attachment-full size-full\" alt=\"\" \/><div style=\"padding-bottom:62.5%\"><\/div><\/div>\t\t<\/div>\r\n\t\t\t<\/article>\r\n<\/div>\t<div class=\"w-grid-preloader\">\r\n\t\t<div class=\"g-preloader type_2\">\r\n\t\t\t<div><\/div>\r\n\t\t<\/div>\r\n\t<\/div>\r\n\t\t<div class=\"w-grid-json hidden\" onclick='return {&quot;action&quot;:&quot;us_ajax_grid&quot;,&quot;infinite_scroll&quot;:0,&quot;max_num_pages&quot;:1,&quot;pagination&quot;:&quot;none&quot;,&quot;template_vars&quot;:{&quot;columns&quot;:&quot;3&quot;,&quot;exclude_items&quot;:&quot;none&quot;,&quot;img_size&quot;:&quot;default&quot;,&quot;ignore_items_size&quot;:0,&quot;items_layout&quot;:&quot;10912&quot;,&quot;items_offset&quot;:&quot;1&quot;,&quot;load_animation&quot;:&quot;none&quot;,&quot;overriding_link&quot;:&quot;%7B%22type%22%3A%22popup_image%22%7D&quot;,&quot;post_id&quot;:0,&quot;query_args&quot;:{&quot;post_type&quot;:[&quot;attachment&quot;],&quot;post__in&quot;:[&quot;10835&quot;,&quot;10836&quot;,&quot;10837&quot;],&quot;post_status&quot;:&quot;inherit&quot;,&quot;post_mime_type&quot;:&quot;image&quot;,&quot;posts_per_page&quot;:&quot;10&quot;},&quot;orderby_query_args&quot;:{&quot;orderby&quot;:{&quot;post__in&quot;:&quot;ASC&quot;},&quot;order&quot;:&quot;ASC&quot;},&quot;type&quot;:&quot;grid&quot;,&quot;us_grid_post_type&quot;:&quot;attachment&quot;,&quot;us_grid_ajax_index&quot;:1,&quot;us_grid_filter_query_string&quot;:null,&quot;us_grid_index&quot;:1,&quot;page_args&quot;:[]}}'><\/div>\r\n\t<\/div><div class=\"w-separator size_medium\"><\/div><\/div><\/div><\/div><\/div><\/section>\n","protected":false},"excerpt":{"rendered":"","protected":false},"author":1,"featured_media":10689,"parent":0,"menu_order":0,"comment_status":"closed","ping_status":"closed","template":"","meta":{"_acf_changed":false,"footnotes":""},"class_list":["post-8950","page","type-page","status-publish","has-post-thumbnail","hentry"],"acf":[],"_links":{"self":[{"href":"https:\/\/konforist.com.tr\/kiz\/wp-json\/wp\/v2\/pages\/8950","targetHints":{"allow":["GET"]}}],"collection":[{"href":"https:\/\/konforist.com.tr\/kiz\/wp-json\/wp\/v2\/pages"}],"about":[{"href":"https:\/\/konforist.com.tr\/kiz\/wp-json\/wp\/v2\/types\/page"}],"author":[{"embeddable":true,"href":"https:\/\/konforist.com.tr\/kiz\/wp-json\/wp\/v2\/users\/1"}],"replies":[{"embeddable":true,"href":"https:\/\/konforist.com.tr\/kiz\/wp-json\/wp\/v2\/comments?post=8950"}],"version-history":[{"count":14,"href":"https:\/\/konforist.com.tr\/kiz\/wp-json\/wp\/v2\/pages\/8950\/revisions"}],"predecessor-version":[{"id":10916,"href":"https:\/\/konforist.com.tr\/kiz\/wp-json\/wp\/v2\/pages\/8950\/revisions\/10916"}],"wp:featuredmedia":[{"embeddable":true,"href":"https:\/\/konforist.com.tr\/kiz\/wp-json\/wp\/v2\/media\/10689"}],"wp:attachment":[{"href":"https:\/\/konforist.com.tr\/kiz\/wp-json\/wp\/v2\/media?parent=8950"}],"curies":[{"name":"wp","href":"https:\/\/api.w.org\/{rel}","templated":true}]}}